ist the prime factors of 53794393.
31, 599, 2897
What are the prime factors of 181826031?
3, 60608677
What are the prime factors of 406696522?
2, 29, 7012009
What are the prime factors of 6218438170?
2, 5, 7, 67, 97, 13669
What are the prime factors of 162637402?
2, 17, 397, 12049
List the prime factors of 4667375634.
2, 3, 2753, 282563
List the prime factors of 248445565.
5, 17, 37, 197, 401
List the prime factors of 288275779.
11, 26206889
What are the prime factors of 34821762?
2, 3, 379, 15313
List the prime factors of 187433346.
2, 3, 79, 395429
List the prime factors of 676614046.
2, 23, 14709001
List the prime factors of 178607335.
5, 167, 213901
What are the prime factors of 27067087?
251, 107837
What are the prime factors of 1158000971?
73, 3217, 4931
List the prime factors of 2124035627.
7, 41, 7400821
What are the prime factors of 25103325?
3, 5, 13, 25747
What are the prime factors of 41623735?
5, 17, 489691
What are the prime factors of 4344319459?
4344319459
What are the prime factors of 222261889?
293, 758573
List the prime factors of 55410769.
17, 3259457
What are the prime factors of 135866204?
2, 971, 34981
List the prime factors of 135922164.
2, 3, 7, 37, 101, 433
What are the prime factors of 744287351?
557, 2399
What are the prime factors of 223485674?
2, 111742837
What are the prime factors of 75020453?
1499, 50047
List the prime factors of 84169967.
7, 151, 79631
List the prime factors of 813179047.
73, 1061, 10499
List the prime factors of 24299714.
2, 131, 163, 569
What are the prime factors of 35910632?
2, 47, 95507
What are the prime factors of 33595649?
33595649
What are the prime factors of 85151604?
2, 3, 7095967
List the prime factors of 223489593.
3, 24832177
List the prime factors of 37200617.
113, 329209
What are the prime factors of 112766519?
251, 449269
List the prime factors of 135508315.
5, 3709, 7307
List the prime factors of 586509683.
23, 25500421
What are the prime factors of 1477892412?
2, 3, 13684189
List the prime factors of 2448853139.
43, 79, 720887
List the prime factors of 21665897.
11, 179057
What are the prime factors of 59550943?
59550943
List the prime factors of 3833197492.
2, 31, 30912883
List the prime factors of 33854543.
173, 195691
What are the prime factors of 872312804?
2, 11, 19825291
List the prime factors of 7819190459.
3761, 2079019
What are the prime factors of 986414992?
2, 61650937
What are the prime factors of 1184626127?
599, 1977673
List the prime factors of 204651909.
3, 7, 11, 295313
What are the prime factors of 2734774799?
167, 16375897
What are the prime factors of 26491787?
7, 3784541
List the prime factors of 842658483.
3, 280886161
List the prime factors of 155244853.
155244853
List the prime factors of 3603232590.
2, 3, 5, 379, 316907
What are the prime factors of 1013649310?
2, 5, 17, 5962643
List the prime factors of 504005363.
61, 8262383
List the prime factors of 127712796.
2, 3, 1741, 6113
List the prime factors of 2354604992.
2, 17, 317, 6827
What are the prime factors of 4833689167?
19, 31, 8206603
List the prime factors of 56304885.
3, 5, 7, 13, 19, 167
List the prime factors of 23287986.
2, 3, 29, 4957
List the prime factors of 236748385.
5, 37, 79, 97, 167
What are the prime factors of 415142815?
5, 4987, 16649
List the prime factors of 553978791.
3, 20517733
What are the prime factors of 123491525?
5, 4939661
What are the prime factors of 101830112?
2, 3182191
What are the prime factors of 1463736034?
2, 731868017
What are the prime factors of 5221855235?
5, 17, 61433591
List the prime factors of 3220512108.
2, 3, 11, 107, 2131
List the prime factors of 7760319960.
2, 3, 5, 29, 61, 139, 263
What are the prime factors of 25425381?
3, 1823, 4649
List the prime factors of 338881192.
2, 13, 211, 15443
What are the prime factors of 1184039411?
1184039411
What are the prime factors of 5220634?
2, 2610317
What are the prime factors of 288441233?
37, 7795709
List the prime factors of 171315841.
1237, 138493
What are the prime factors of 58457557?
1741, 33577
What are the prime factors of 170130354?
2, 3, 431, 65789
What are the prime factors of 775870810?
2, 5, 11, 13, 542567
What are the prime factors of 758596528?
2, 47412283
List the prime factors of 2501892212.
2, 625473053
What are the prime factors of 850809345?
3, 5, 83, 683381
List the prime factors of 2943187159.
11, 43, 6222383
List the prime factors of 438053342.
2, 109, 1031, 1949
List the prime factors of 50113084.
2, 7, 255679
List the prime factors of 1319519171.
1319519171
List the prime factors of 295783213.
11, 263, 102241
What are the prime factors of 70052679?
3, 7783631
What are the prime factors of 22385468?
2, 7, 799481
List the prime factors of 2325732403.
971, 2395193
What are the prime factors of 1118815749?
3, 23, 41, 241, 547
List the prime factors of 124068271.
19, 577, 11317
What are the prime factors of 7027419?
3, 7, 163, 2053
What are the prime factors of 145619600?
2, 5, 7, 131, 397
What are the prime factors of 613925912?
2, 73, 797, 1319
List the prime factors of 55105757.
7, 19, 414329
What are the prime factors of 3116327924?
2, 97, 8031773
What are the prime factors of 776546635?
5, 3833, 40519
List the prime factors of 7173935.
5, 181, 7927
List the prime factors of 485827540.
2, 5, 11, 401, 5507
List the prime factors of 443351283.
3, 2693, 54877
What are the prime factors of 919991078?
2, 887, 518597
List the prime factors of 176912524.
2, 127, 348253
What are the prime factors of 33060826?
2, 16530413
What are the prime factors of 238304970?
2, 3, 5, 191, 4621
List the prime factors of 113550056.
2, 277, 51241
List the prime factors of 61460727.
3, 571, 35879
What are the prime factors of 3072009543?
3, 24469, 41849
List the prime factors of 95082080.
2, 5, 19, 31277
List the prime factors of 1761717516.
2, 3, 13, 868697
What are the prime factors of 97735007?
193, 349, 1451
What are the prime factors of 47060248?
2, 5882531
What are the prime factors of 395778530?
2, 5, 7, 17, 103, 3229
What are the prime factors of 44521674?
2, 3, 17, 19, 22973
What are the prime factors of 69255512?
2, 8656939
List the prime factors of 84215126.
2, 439, 95917
List the prime factors of 2338406065.
5, 467681213
What are the prime factors of 8782712?
2, 19, 57781
What are the prime factors of 841631615?
5, 11, 89, 171937
List the prime factors of 926783890.
2, 5, 139, 666751
List the prime factors of 6185007.
3, 687223
What are the prime factors of 488811334?
2, 11, 22218697
List the prime factors of 343159697.
29, 1823, 6491
List the prime factors of 1106690055.
3, 5, 17, 19, 228419
List the prime factors of 489795353.
2099, 233347
List the prime factors of 739492864.
2, 11, 65651
List the prime factors of 3548472694.
2, 13, 1361, 100279
What are the prime factors of 541126222?
2, 7, 13, 2973221
List the prime factors of 157996746.
2, 3, 281, 31237
What are the prime factors of 2741744234?
2, 1370872117
What are the prime factors of 26679503?
47, 567649
What are the prime factors of 39164900?
2, 5, 457, 857
What are the prime factors of 38700917?
557, 69481
What are the prime factors of 3055386239?
61, 71, 397, 1777
What are the prime factors of 122679702?
2, 3, 743, 9173
List the prime factors of 3842958183.
3, 19, 31, 83, 26203
What are the prime factors of 841493153?
157, 2111, 2539
What are the prime factors of 40262085?
3, 5, 894713
What are the prime factors of 584469982?
2, 19, 37, 415697
What are the prime factors of 274823333?
1259, 218287
List the prime factors of 301391790.
2, 3, 5, 7, 641, 2239
What are the prime factors of 34612608?
2, 3, 23, 3919
List the prime factors of 2228389171.
2228389171
List the prime factors of 1515928569.
3, 853, 592391
List the prime factors of 5961863.
5961863
List the prime factors of 103924122.
2, 3, 17320687
List the prime factors of 713054131.
713054131
What are the prime factors of 4033401?
3, 223, 6029
What are the prime factors of 596555281?
7, 107, 271, 2939
What are the prime factors of 69738261?
3, 1571, 14797
List the prime factors of 30796778.
2, 137, 112397
List the prime factors of 3675914633.
29, 157, 797, 1013
What are the prime factors of 34704937?
79, 439303
What are the prime factors of 25007837?
277, 90281
What are th